{"id":678,"date":"2025-12-06T15:18:02","date_gmt":"2025-12-06T08:18:02","guid":{"rendered":"https:\/\/tduong2212.io.vn\/?post_type=product&#038;p=678"},"modified":"2025-12-07T08:54:08","modified_gmt":"2025-12-07T01:54:08","slug":"meo-xiem","status":"publish","type":"product","link":"https:\/\/tduong2212.io.vn\/index.php\/san-pham\/meo-xiem\/","title":{"rendered":"M\u00e8o Xi\u00eam"},"content":{"rendered":"<p data-start=\"198\" data-end=\"550\">M\u00e8o <strong data-start=\"202\" data-end=\"220\">Xi\u00eam (Siamese)<\/strong> l\u00e0 m\u1ed9t trong nh\u1eefng gi\u1ed1ng m\u00e8o c\u1ed5 x\u01b0a v\u00e0 n\u1ed5i ti\u1ebfng nh\u1ea5t th\u1ebf gi\u1edbi, c\u00f3 ngu\u1ed3n g\u1ed1c t\u1eeb Th\u00e1i Lan. \u0110i\u1ec3m n\u1ed5i b\u1eadt c\u1ee7a m\u00e8o Xi\u00eam n\u1eb1m \u1edf ngo\u1ea1i h\u00ecnh thanh tho\u00e1t, \u0111\u00f4i m\u1eaft xanh ng\u1ecdc v\u00e0 b\u1ed9 l\u00f4ng m\u00e0u \u0111\u1eb7c tr\u01b0ng v\u1edbi c\u00e1c v\u00f9ng s\u1eabm m\u00e0u \u1edf tai, m\u1eb7t, \u0111u\u00f4i v\u00e0 ch\u00e2n. Ch\u00fang c\u00f3 v\u00f3c d\u00e1ng thon g\u1ecdn, ch\u00e2n d\u00e0i, \u0111\u1ea7u h\u00ecnh tam gi\u00e1c v\u00e0 chi\u1ebfc \u0111u\u00f4i m\u1ec1m m\u1ea1i \u0111\u1ea7y thanh l\u1ecbch.<\/p>\n<p data-start=\"552\" data-end=\"845\">M\u00e8o Xi\u00eam th\u00f4ng minh, gi\u00e0u t\u00ecnh c\u1ea3m v\u00e0 c\u00f3 xu h\u01b0\u1edbng \u201cn\u00f3i chuy\u1ec7n\u201d v\u1edbi ch\u1ee7 b\u1eb1ng ti\u1ebfng meo \u0111\u1eb7c tr\u01b0ng. Ch\u00fang r\u1ea5t qu\u1ea5n ng\u01b0\u1eddi, th\u00edch \u0111\u01b0\u1ee3c vu\u1ed1t ve v\u00e0 lu\u00f4n mu\u1ed1n \u1edf g\u1ea7n ch\u1ee7 nh\u00e2n. \u0110\u00e2y l\u00e0 gi\u1ed1ng m\u00e8o ph\u00f9 h\u1ee3p v\u1edbi gia \u0111\u00ecnh, \u0111\u1eb7c bi\u1ec7t l\u00e0 nh\u1eefng ng\u01b0\u1eddi th\u00edch m\u1ed9t ch\u00fa m\u00e8o n\u0103ng \u0111\u1ed9ng, th\u00e2n thi\u1ec7n v\u00e0 bi\u1ebft b\u00e0y t\u1ecf c\u1ea3m x\u00fac.<\/p>\n<p data-start=\"847\" data-end=\"1127\">Do t\u00ednh c\u00e1ch ho\u1ea1t b\u00e1t, m\u00e8o Xi\u00eam c\u1ea7n m\u00f4i tr\u01b0\u1eddng s\u1ed1ng s\u1ea1ch s\u1ebd, \u0111\u1ed3 ch\u01a1i k\u00edch th\u00edch v\u1eadn \u0111\u1ed9ng v\u00e0 ch\u1ebf \u0111\u1ed9 \u0103n gi\u00e0u dinh d\u01b0\u1ee1ng \u0111\u1ec3 gi\u1eef v\u00f3c d\u00e1ng s\u0103n ch\u1eafc. V\u1edbi v\u1ebb ngo\u00e0i thanh l\u1ecbch c\u00f9ng t\u00ednh c\u00e1ch d\u1ec5 th\u01b0\u01a1ng, m\u00e8o Xi\u00eam lu\u00f4n l\u00e0 m\u1ed9t trong nh\u1eefng l\u1ef1a ch\u1ecdn \u0111\u01b0\u1ee3c y\u00eau th\u00edch nh\u1ea5t trong c\u1ed9ng \u0111\u1ed3ng y\u00eau m\u00e8o.<\/p>\n","protected":false},"excerpt":{"rendered":"<p><strong data-start=\"1165\" data-end=\"1177\">M\u00e8o Xi\u00eam<\/strong> n\u1ed5i b\u1eadt v\u1edbi m\u1eaft xanh, l\u00f4ng m\u00e0u kem v\u00e0 c\u00e1c \u0111i\u1ec3m s\u1eabm \u1edf tai \u2013 m\u1eb7t \u2013 \u0111u\u00f4i. Th\u00f4ng minh, th\u00e2n thi\u1ec7n v\u00e0 r\u1ea5t qu\u1ea5n ch\u1ee7, m\u00e8o Xi\u00eam l\u00e0 l\u1ef1a ch\u1ecdn l\u00fd t\u01b0\u1edfng cho gia \u0111\u00ecnh y\u00eau m\u00e8o t\u00ecnh c\u1ea3m v\u00e0 n\u0103ng \u0111\u1ed9ng.<\/p>\n","protected":false},"featured_media":679,"comment_status":"open","ping_status":"closed","template":"","meta":{"site-sidebar-layout":"default","site-content-layout":"","ast-site-content-layout":"default","site-content-style":"default","site-sidebar-style":"default","ast-global-header-display":"","ast-banner-title-visibility":"","ast-main-header-display":"","ast-hfb-above-header-display":"","ast-hfb-below-header-display":"","ast-hfb-mobile-header-display":"","site-post-title":"","ast-breadcrumbs-content":"","ast-featured-img":"","footer-sml-layout":"","theme-transparent-header-meta":"default","adv-header-id-meta":"","stick-header-meta":"default","header-above-stick-meta":"","header-main-stick-meta":"","header-below-stick-meta":"","astra-migrate-meta-layouts":"set","ast-page-background-enabled":"default","ast-page-background-meta":{"desktop":{"background-color":"var(--ast-global-color-5)","background-image":"","background-repeat":"repeat","background-position":"center center","background-size":"auto","background-attachment":"scroll","background-type":"","background-media":"","overlay-type":"","overlay-color":"","overlay-opacity":"","overlay-gradient":""},"tablet":{"background-color":"","background-image":"","background-repeat":"repeat","background-position":"center center","background-size":"auto","background-attachment":"scroll","background-type":"","background-media":"","overlay-type":"","overlay-color":"","overlay-opacity":"","overlay-gradient":""},"mobile":{"background-color":"","background-image":"","background-repeat":"repeat","background-position":"center center","background-size":"auto","background-attachment":"scroll","background-type":"","background-media":"","overlay-type":"","overlay-color":"","overlay-opacity":"","overlay-gradient":""}},"ast-content-background-meta":{"desktop":{"background-color":"var(--ast-global-color-4)","background-image":"","background-repeat":"repeat","background-position":"center center","background-size":"auto","background-attachment":"scroll","background-type":"","background-media":"","overlay-type":"","overlay-color":"","overlay-opacity":"","overlay-gradient":""},"tablet":{"background-color":"var(--ast-global-color-4)","background-image":"","background-repeat":"repeat","background-position":"center center","background-size":"auto","background-attachment":"scroll","background-type":"","background-media":"","overlay-type":"","overlay-color":"","overlay-opacity":"","overlay-gradient":""},"mobile":{"background-color":"var(--ast-global-color-4)","background-image":"","background-repeat":"repeat","background-position":"center center","background-size":"auto","background-attachment":"scroll","background-type":"","background-media":"","overlay-type":"","overlay-color":"","overlay-opacity":"","overlay-gradient":""}}},"product_brand":[],"product_cat":[20,39],"product_tag":[],"class_list":{"0":"post-678","1":"product","2":"type-product","3":"status-publish","4":"has-post-thumbnail","6":"product_cat-meo","7":"product_cat-meo-canh","8":"desktop-align-left","9":"tablet-align-left","10":"mobile-align-left","11":"ast-product-gallery-layout-horizontal-slider","12":"ast-product-single-variable","13":"ast-product-tabs-layout-horizontal","15":"first","16":"instock","17":"shipping-taxable","18":"purchasable","19":"product-type-variable"},"_links":{"self":[{"href":"https:\/\/tduong2212.io.vn\/index.php\/wp-json\/wp\/v2\/product\/678","targetHints":{"allow":["GET"]}}],"collection":[{"href":"https:\/\/tduong2212.io.vn\/index.php\/wp-json\/wp\/v2\/product"}],"about":[{"href":"https:\/\/tduong2212.io.vn\/index.php\/wp-json\/wp\/v2\/types\/product"}],"replies":[{"embeddable":true,"href":"https:\/\/tduong2212.io.vn\/index.php\/wp-json\/wp\/v2\/comments?post=678"}],"wp:featuredmedia":[{"embeddable":true,"href":"https:\/\/tduong2212.io.vn\/index.php\/wp-json\/wp\/v2\/media\/679"}],"wp:attachment":[{"href":"https:\/\/tduong2212.io.vn\/index.php\/wp-json\/wp\/v2\/media?parent=678"}],"wp:term":[{"taxonomy":"product_brand","embeddable":true,"href":"https:\/\/tduong2212.io.vn\/index.php\/wp-json\/wp\/v2\/product_brand?post=678"},{"taxonomy":"product_cat","embeddable":true,"href":"https:\/\/tduong2212.io.vn\/index.php\/wp-json\/wp\/v2\/product_cat?post=678"},{"taxonomy":"product_tag","embeddable":true,"href":"https:\/\/tduong2212.io.vn\/index.php\/wp-json\/wp\/v2\/product_tag?post=678"}],"curies":[{"name":"wp","href":"https:\/\/api.w.org\/{rel}","templated":true}]}}